{"id":16,"date":"2016-04-04T12:05:19","date_gmt":"2016-04-04T10:05:19","guid":{"rendered":"https:\/\/aliber.org\/web\/?page_id=16"},"modified":"2025-10-06T23:41:41","modified_gmt":"2025-10-06T21:41:41","slug":"quienes-somos","status":"publish","type":"page","link":"https:\/\/aliber.org\/web\/quienes-somos\/","title":{"rendered":"Qui\u00e9nes somos"},"content":{"rendered":"\t\t<div data-elementor-type=\"wp-page\" data-elementor-id=\"16\" class=\"elementor elementor-16\" data-elementor-post-type=\"page\">\n\t\t\t\t\t\t<section class=\"elementor-section elementor-top-section elementor-element elementor-element-74ce6a6 elementor-section-boxed elementor-section-height-default elementor-section-height-default\" data-id=\"74ce6a6\" data-element_type=\"section\" data-e-type=\"section\">\n\t\t\t\t\t\t<div class=\"elementor-container elementor-column-gap-default\">\n\t\t\t\t\t<div class=\"elementor-column elementor-col-100 elementor-top-column elementor-element elementor-element-260704db\" data-id=\"260704db\" data-element_type=\"column\" data-e-type=\"column\">\n\t\t\t<div class=\"elementor-widget-wrap elementor-element-populated\">\n\t\t\t\t\t\t<div class=\"elementor-element elementor-element-3fd39866 elementor-widget elementor-widget-text-editor\" data-id=\"3fd39866\" data-element_type=\"widget\" data-e-type=\"widget\" data-widget_type=\"text-editor.default\">\n\t\t\t\t<div class=\"elementor-widget-container\">\n\t\t\t\t\t\t\t\t\t<p><img fetchpriority=\"high\" decoding=\"async\" src=\"https:\/\/aliber.org\/web\/wp-content\/uploads\/2020\/06\/QUIENES-SOMOS_K-scaled.jpg\" alt=\"\" width=\"2560\" height=\"736\" \/><\/p><h2 style=\"color: #29176f;\">ALIBER<\/h2><p>El trabajo conjunto de Juan Carri\u00f3n y Claudia Delgado de FEDER con Naca P\u00e9rez De Tudela de D\u00b4Genes, Elizabeth Zabalza de la Fundaci\u00f3n Espa\u00f1ola de Beneficencia de Guatemala, y Javier Guerra de Mundo Marfan Latino, por crear un acercamiento entre las organizaciones iberoamericanas de personas afectadas, tuvo como resultado el I Encuentro Iberoamericano de<strong> Enfermedades Raras<\/strong>. La ciudad de Totana (Murcia) acogi\u00f3 este evento, del 14 al 18 de octubre del 2013.<\/p><p>Fueron d\u00edas de conocimiento de la realidad de las patolog\u00edas representadas de Europa e Iberoam\u00e9rica, de intercambio de experiencias y de manifestaci\u00f3n de la necesidad de uni\u00f3n; hab\u00eda que trasmitir juntos las necesidades del colectivo de personas con una enfermedad rara en Iberoam\u00e9rica. Fruto del encuentro, el 18 de octubre de 2013, constituimos la Alianza Iberoamericana de Enfermedades Raras, Hu\u00e9rfanas o Poco Frecuentes (<strong>ALIBER<\/strong>), y fue elegido nuestro primer Consejo Directivo.<\/p><h2><span style=\"color: #29176f;\">Misi\u00f3n<\/span><\/h2><p>Somos una red que agremia m\u00e1s de 700 organizaciones de pacientes con <strong>enfermedades raras<\/strong>, presente en 19 pa\u00edses de Iberoam\u00e9rica, que coordina acciones para fortalecer el movimiento asociativo, dar visibilidad a las EERR y representar a las personas con enfermedades poco frecuentes de Iberoam\u00e9rica ante organismos locales, regionales, nacionales e internacionales, creando un espacio de colaboraci\u00f3n conjunta y permanente para compartir conocimientos, experiencias y buenas pr\u00e1cticas en las \u00e1reas social, sanitaria, educativa y laboral.<\/p><h2><span style=\"color: #29176f;\">Visi\u00f3n<\/span><\/h2><p>Ser referencia como coalici\u00f3n que integra y potencia a las diferentes asociaciones de pacientes con EERR de Iberoam\u00e9rica, en pro de la defensa de los derechos de los afectados y sus familias.<\/p><h2><span style=\"color: #29176f;\">Valores<\/span><\/h2><p>Nuestros principales valores son: Compromiso, Solidaridad, Inclusi\u00f3n, Responsabilidad, Calidad y Equidad.<\/p><h2><span style=\"color: #29176f;\">Asociaciones miembro<\/span><\/h2><p><strong>ALIBER<\/strong> tiene representaci\u00f3n en los siguientes pa\u00edses:<\/p><hr \/><center>Argentina \u00b7\u00a0 Brasil \u00b7 Chile \u00b7 Colombia \u00b7 Costa Rica \u00b7 Cuba<span style=\"color: var( --e-global-color-text ); font-weight: var( --e-global-typography-text-font-weight );\">\u00a0<\/span><span style=\"color: var( --e-global-color-text ); font-weight: var( --e-global-typography-text-font-weight );\">\u00b7<\/span><span style=\"color: var( --e-global-color-text ); font-weight: var( --e-global-typography-text-font-weight );\">\u00a0<\/span><span style=\"color: var( --e-global-color-text ); font-weight: var( --e-global-typography-text-font-weight ); text-align: left;\">Ecuador \u00b7 Espa\u00f1a \u00b7 Guatemala \u00b7 Honduras<\/span><span style=\"color: var( --e-global-color-text ); font-weight: var( --e-global-typography-text-font-weight );\">\u00a0<\/span><span style=\"color: var( --e-global-color-text ); font-weight: var( --e-global-typography-text-font-weight );\">\u00b7<\/span><span style=\"color: var( --e-global-color-text ); font-weight: var( --e-global-typography-text-font-weight );\">\u00a0<\/span><span style=\"color: var( --e-global-color-text ); font-weight: var( --e-global-typography-text-font-weight ); text-align: left;\">M\u00e9xico \u00b7 Panam\u00e1 \u00b7 Paraguay \u00b7 Per\u00fa \u00b7 Portugal \u00b7 Rep\u00fablica Dominicana \u00b7 Uruguay<\/span><span style=\"color: var( --e-global-color-text ); font-weight: var( --e-global-typography-text-font-weight );\">\u00a0<\/span><span style=\"color: var( --e-global-color-text ); font-weight: var( --e-global-typography-text-font-weight );\">\u00b7<\/span><span style=\"color: var( --e-global-color-text ); font-weight: var( --e-global-typography-text-font-weight );\">\u00a0Venezuela<\/span><\/center><hr \/><p><a href=\"https:\/\/aliber.org\/web\/staff\/\">Conoce a la Directiva que nos representa y al personal t\u00e9cnico de ALIBER<\/a>\u00a0 |\u00a0 <a href=\"https:\/\/aliber.org\/web\/socios\/\">Conoce las Entidades que conforman ALIBER<\/a><\/p>\t\t\t\t\t\t\t\t<\/div>\n\t\t\t\t<\/div>\n\t\t\t\t\t<\/div>\n\t\t<\/div>\n\t\t\t\t\t<\/div>\n\t\t<\/section>\n\t\t\t\t<\/div>\n\t\t","protected":false},"excerpt":{"rendered":"<p>ALIBER El trabajo conjunto de Juan Carri\u00f3n y Claudia Delgado de FEDER con Naca P\u00e9rez De Tudela de D\u00b4Genes, Elizabeth Zabalza de la Fundaci\u00f3n Espa\u00f1ola de Beneficencia de Guatemala, y<a href=\"https:\/\/aliber.org\/web\/quienes-somos\/\">[&#8230;]<\/a><\/p>\n","protected":false},"author":2,"featured_media":0,"parent":0,"menu_order":0,"comment_status":"closed","ping_status":"closed","template":"template-fullwidth.php","meta":{"_exactmetrics_skip_tracking":false,"_exactmetrics_sitenote_active":false,"_exactmetrics_sitenote_note":"","_exactmetrics_sitenote_category":0,"footnotes":""},"class_list":["post-16","page","type-page","status-publish","hentry"],"_links":{"self":[{"href":"https:\/\/aliber.org\/web\/wp-json\/wp\/v2\/pages\/16","targetHints":{"allow":["GET"]}}],"collection":[{"href":"https:\/\/aliber.org\/web\/wp-json\/wp\/v2\/pages"}],"about":[{"href":"https:\/\/aliber.org\/web\/wp-json\/wp\/v2\/types\/page"}],"author":[{"embeddable":true,"href":"https:\/\/aliber.org\/web\/wp-json\/wp\/v2\/users\/2"}],"replies":[{"embeddable":true,"href":"https:\/\/aliber.org\/web\/wp-json\/wp\/v2\/comments?post=16"}],"version-history":[{"count":32,"href":"https:\/\/aliber.org\/web\/wp-json\/wp\/v2\/pages\/16\/revisions"}],"predecessor-version":[{"id":10580,"href":"https:\/\/aliber.org\/web\/wp-json\/wp\/v2\/pages\/16\/revisions\/10580"}],"wp:attachment":[{"href":"https:\/\/aliber.org\/web\/wp-json\/wp\/v2\/media?parent=16"}],"curies":[{"name":"wp","href":"https:\/\/api.w.org\/{rel}","templated":true}]}}