{"id":26,"date":"2016-04-04T12:10:34","date_gmt":"2016-04-04T10:10:34","guid":{"rendered":"https:\/\/aliber.org\/web\/?page_id=26"},"modified":"2022-01-18T18:45:36","modified_gmt":"2022-01-18T17:45:36","slug":"contacto","status":"publish","type":"page","link":"https:\/\/aliber.org\/web\/contacto\/","title":{"rendered":"Contacto-OLD"},"content":{"rendered":"<blockquote><p><img decoding=\"async\" class=\"alignnone size-full wp-image-429\" src=\"https:\/\/aliber.org\/web\/wp-content\/uploads\/2016\/04\/diseno-email-e1464258940908.jpg\" alt=\"diseno-email\" width=\"100%\" \/><\/p><\/blockquote>\n<div>\n<div class=\"wpcf7 no-js\" id=\"wpcf7-f6525-o1\" lang=\"es-ES\" dir=\"ltr\" data-wpcf7-id=\"6525\">\n<div class=\"screen-reader-response\"><p role=\"status\" aria-live=\"polite\" aria-atomic=\"true\"><\/p> <ul><\/ul><\/div>\n<form action=\"\/web\/wp-json\/wp\/v2\/pages\/26#wpcf7-f6525-o1\" method=\"post\" class=\"wpcf7-form init\" aria-label=\"Formulario de contacto\" novalidate=\"novalidate\" data-status=\"init\">\n<fieldset class=\"hidden-fields-container\"><input type=\"hidden\" name=\"_wpcf7\" value=\"6525\" \/><input type=\"hidden\" name=\"_wpcf7_version\" value=\"6.1.5\" \/><input type=\"hidden\" name=\"_wpcf7_locale\" value=\"es_ES\" \/><input type=\"hidden\" name=\"_wpcf7_unit_tag\" value=\"wpcf7-f6525-o1\" \/><input type=\"hidden\" name=\"_wpcf7_container_post\" value=\"0\" \/><input type=\"hidden\" name=\"_wpcf7_posted_data_hash\" value=\"\" \/>\n<\/fieldset>\n<p>Nombre*\n<\/p>\n<p><span class=\"wpcf7-form-control-wrap\" data-name=\"your-name\"><input size=\"40\" maxlength=\"400\" class=\"wpcf7-form-control wpcf7-text wpcf7-validates-as-required\" aria-required=\"true\" aria-invalid=\"false\" value=\"\" type=\"text\" name=\"your-name\" \/><\/span>\n<\/p>\n<p>Correo electr\u00f3nico*\n<\/p>\n<p><span class=\"wpcf7-form-control-wrap\" data-name=\"your-email\"><input size=\"40\" maxlength=\"400\" class=\"wpcf7-form-control wpcf7-email wpcf7-validates-as-required wpcf7-text wpcf7-validates-as-email\" aria-required=\"true\" aria-invalid=\"false\" value=\"\" type=\"email\" name=\"your-email\" \/><\/span>\n<\/p>\n<p>Pa\u00eds*\n<\/p>\n<p><span class=\"wpcf7-form-control-wrap\" data-name=\"pais\"><input size=\"40\" maxlength=\"400\" class=\"wpcf7-form-control wpcf7-text wpcf7-validates-as-required\" aria-required=\"true\" aria-invalid=\"false\" value=\"\" type=\"text\" name=\"pais\" \/><\/span>\n<\/p>\n<p>Asunto*\n<\/p>\n<p><span class=\"wpcf7-form-control-wrap\" data-name=\"your-subject\"><input size=\"40\" maxlength=\"400\" class=\"wpcf7-form-control wpcf7-text wpcf7-validates-as-required\" aria-required=\"true\" aria-invalid=\"false\" value=\"\" type=\"text\" name=\"your-subject\" \/><\/span>\n<\/p>\n<p>Mensaje*\n<\/p>\n<p><span class=\"wpcf7-form-control-wrap\" data-name=\"your-message\"><textarea cols=\"40\" rows=\"10\" maxlength=\"2000\" class=\"wpcf7-form-control wpcf7-textarea wpcf7-validates-as-required\" aria-required=\"true\" aria-invalid=\"false\" name=\"your-message\"><\/textarea><\/span>\n<\/p>\n<p>He le\u00eddo y acepto las condiciones de la pol\u00edtica de privacidad <span class=\"wpcf7-form-control-wrap\" data-name=\"acceptance-385\"><span class=\"wpcf7-form-control wpcf7-acceptance\"><span class=\"wpcf7-list-item\"><input type=\"checkbox\" name=\"acceptance-385\" value=\"1\" aria-invalid=\"false\" \/><\/span><\/span><\/span>\n<\/p>\n<p><input class=\"wpcf7-form-control wpcf7-submit has-spinner\" type=\"submit\" value=\"Enviar\" \/>\n<\/p><p style=\"display: none !important;\" class=\"akismet-fields-container\" data-prefix=\"_wpcf7_ak_\"><label>&#916;<textarea name=\"_wpcf7_ak_hp_textarea\" cols=\"45\" rows=\"8\" maxlength=\"100\"><\/textarea><\/label><input type=\"hidden\" id=\"ak_js_1\" name=\"_wpcf7_ak_js\" value=\"233\"\/><script type=\"text\/javascript\">\n\/* <![CDATA[ *\/\ndocument.getElementById( \"ak_js_1\" ).setAttribute( \"value\", ( new Date() ).getTime() );\n\/* ]]> *\/\n<\/script>\n<\/p><div class=\"wpcf7-response-output\" aria-hidden=\"true\"><\/div>\n<\/form>\n<\/div>\n<\/div>\n<div><\/div>\n<div>\n<p>Puedes rellenar el formulario anexo o escribirnos a: <a href=\"direccion@aliber.org\">direccion@aliber.org<\/a><\/p>\n<p>En caso de emplear el formulario, rellene todos los campos marcados con un asterisco (*)<\/p>\n<p>En \u00abPa\u00eds\u00bb indique el pa\u00eds donde residen.<\/p>\n<p>No olvide indicar la enfermedad o patolog\u00eda sobre la que desea consultarnos.<\/p>\n<p>Nos pondremos en contacto con usted por correo electr\u00f3nico lo antes posible.<\/p>\n<p>La informaci\u00f3n de los usuarios recibida por correo electr\u00f3nico ser\u00e1 tratada de forma confidencial.<\/p>\n<p><span style=\"color: #29176f;\">POLITICA DE PRIVACIDAD<\/span>:<\/p>\n<p>ALIANZA IBEROAMERICANA DE ENFERMEDADES RARAS, HU\u00c9RFANAS O POCO FRECUENTES (ALIBER) tratar\u00e1 sus datos personales para dar respuesta a las solicitudes planteadas. Puede ejercer sus derechos de acceso, rectificaci\u00f3n, supresi\u00f3n y portabilidad de sus datos, de limitaci\u00f3n y oposici\u00f3n a su tratamiento, as\u00ed como a no ser objeto de decisiones basadas \u00fanicamente en el tratamiento automatizado de sus datos, cuando procedan, en la direcci\u00f3n de correo electr\u00f3nico info@aliber.org<br \/>\nLe recomendamos que lea la <u><a href=\"https:\/\/aliber.org\/web\/privacidad\/\">pol\u00edtica de privacidad y cookies <\/a><\/u> antes de proporcionarnos sus datos personales.<\/p>\n<\/div>\n","protected":false},"excerpt":{"rendered":"<p>Puedes rellenar el formulario anexo o escribirnos a: direccion@aliber.org En caso de emplear el formulario, rellene todos los campos marcados con un asterisco (*) En \u00abPa\u00eds\u00bb indique el pa\u00eds donde<a href=\"https:\/\/aliber.org\/web\/contacto\/\">[&#8230;]<\/a><\/p>\n","protected":false},"author":2,"featured_media":0,"parent":0,"menu_order":0,"comment_status":"closed","ping_status":"closed","template":"template-fullwidth.php","meta":{"_exactmetrics_skip_tracking":false,"_exactmetrics_sitenote_active":false,"_exactmetrics_sitenote_note":"","_exactmetrics_sitenote_category":0,"footnotes":""},"class_list":["post-26","page","type-page","status-publish","hentry"],"_links":{"self":[{"href":"https:\/\/aliber.org\/web\/wp-json\/wp\/v2\/pages\/26","targetHints":{"allow":["GET"]}}],"collection":[{"href":"https:\/\/aliber.org\/web\/wp-json\/wp\/v2\/pages"}],"about":[{"href":"https:\/\/aliber.org\/web\/wp-json\/wp\/v2\/types\/page"}],"author":[{"embeddable":true,"href":"https:\/\/aliber.org\/web\/wp-json\/wp\/v2\/users\/2"}],"replies":[{"embeddable":true,"href":"https:\/\/aliber.org\/web\/wp-json\/wp\/v2\/comments?post=26"}],"version-history":[{"count":6,"href":"https:\/\/aliber.org\/web\/wp-json\/wp\/v2\/pages\/26\/revisions"}],"predecessor-version":[{"id":6838,"href":"https:\/\/aliber.org\/web\/wp-json\/wp\/v2\/pages\/26\/revisions\/6838"}],"wp:attachment":[{"href":"https:\/\/aliber.org\/web\/wp-json\/wp\/v2\/media?parent=26"}],"curies":[{"name":"wp","href":"https:\/\/api.w.org\/{rel}","templated":true}]}}