{"id":5086,"date":"2020-07-07T20:29:02","date_gmt":"2020-07-07T18:29:02","guid":{"rendered":"https:\/\/aliber.org\/web\/?page_id=5086"},"modified":"2022-01-18T19:55:32","modified_gmt":"2022-01-18T18:55:32","slug":"enserio-latam-2","status":"publish","type":"page","link":"https:\/\/aliber.org\/web\/enserio-latam-2\/","title":{"rendered":"ENSERio-LATAM"},"content":{"rendered":"\t\t<div data-elementor-type=\"wp-page\" data-elementor-id=\"5086\" class=\"elementor elementor-5086\" data-elementor-post-type=\"page\">\n\t\t\t\t\t\t<section class=\"elementor-section elementor-top-section elementor-element elementor-element-f0fa5f9 elementor-section-boxed elementor-section-height-default elementor-section-height-default\" data-id=\"f0fa5f9\" data-element_type=\"section\" data-e-type=\"section\">\n\t\t\t\t\t\t<div class=\"elementor-container elementor-column-gap-default\">\n\t\t\t\t\t<div class=\"elementor-column elementor-col-50 elementor-top-column elementor-element elementor-element-357638e\" data-id=\"357638e\" data-element_type=\"column\" data-e-type=\"column\">\n\t\t\t<div class=\"elementor-widget-wrap elementor-element-populated\">\n\t\t\t\t\t\t<div class=\"elementor-element elementor-element-19ed9e9 elementor-widget elementor-widget-heading\" data-id=\"19ed9e9\" data-element_type=\"widget\" data-e-type=\"widget\" data-widget_type=\"heading.default\">\n\t\t\t\t<div class=\"elementor-widget-container\">\n\t\t\t\t\t<h2 class=\"elementor-heading-title elementor-size-default\">\u00bfQUE ES ENSERIO-LATAM?<\/h2>\t\t\t\t<\/div>\n\t\t\t\t<\/div>\n\t\t\t\t<div class=\"elementor-element elementor-element-5c6c85c elementor-widget elementor-widget-text-editor\" data-id=\"5c6c85c\" data-element_type=\"widget\" data-e-type=\"widget\" data-widget_type=\"text-editor.default\">\n\t\t\t\t<div class=\"elementor-widget-container\">\n\t\t\t\t\t\t\t\t\t<p>Las enfermedades raras, hu\u00e9rfanas o poco frecuentes son, en su gran mayor\u00eda, de origen gen\u00e9tico, cr\u00f3nicas y degenerativas; m\u00e1s de la mitad de ellas son graves y altamente discapacitantes. Estas caracter\u00edsticas originan una serie de necesidades socio-sanitarias en las personas afectadas y en sus familias, entre las que destacan las referidas al diagn\u00f3stico, tratamiento, el impacto percibido de la enfermedad en la persona afectada y su familia y los costes de la enfermedad.<\/p>\t\t\t\t\t\t\t\t<\/div>\n\t\t\t\t<\/div>\n\t\t\t\t\t<\/div>\n\t\t<\/div>\n\t\t\t\t<div class=\"elementor-column elementor-col-50 elementor-top-column elementor-element elementor-element-6300d34\" data-id=\"6300d34\" data-element_type=\"column\" data-e-type=\"column\">\n\t\t\t<div class=\"elementor-widget-wrap elementor-element-populated\">\n\t\t\t\t\t\t<div class=\"elementor-element elementor-element-e90ee32 elementor-widget elementor-widget-image\" data-id=\"e90ee32\" data-element_type=\"widget\" data-e-type=\"widget\" data-widget_type=\"image.default\">\n\t\t\t\t<div class=\"elementor-widget-container\">\n\t\t\t\t\t\t\t\t\t\t\t\t\t\t\t<img decoding=\"async\" src=\"https:\/\/aliber.org\/web\/wp-content\/uploads\/2020\/09\/WhatsApp-Image-2020-09-05-at-7.05.09-PM.jpeg\" title=\"\" alt=\"\" loading=\"lazy\" \/>\t\t\t\t\t\t\t\t\t\t\t\t\t\t\t<\/div>\n\t\t\t\t<\/div>\n\t\t\t\t\t<\/div>\n\t\t<\/div>\n\t\t\t\t\t<\/div>\n\t\t<\/section>\n\t\t\t\t<section class=\"elementor-section elementor-top-section elementor-element elementor-element-00fa1d1 elementor-section-boxed elementor-section-height-default elementor-section-height-default\" data-id=\"00fa1d1\" data-element_type=\"section\" data-e-type=\"section\">\n\t\t\t\t\t\t<div class=\"elementor-container elementor-column-gap-default\">\n\t\t\t\t\t<div class=\"elementor-column elementor-col-50 elementor-top-column elementor-element elementor-element-566183e\" data-id=\"566183e\" data-element_type=\"column\" data-e-type=\"column\">\n\t\t\t<div class=\"elementor-widget-wrap elementor-element-populated\">\n\t\t\t\t\t\t<div class=\"elementor-element elementor-element-88ff877 elementor-widget elementor-widget-image\" data-id=\"88ff877\" data-element_type=\"widget\" data-e-type=\"widget\" data-widget_type=\"image.default\">\n\t\t\t\t<div class=\"elementor-widget-container\">\n\t\t\t\t\t\t\t\t\t\t\t\t\t\t\t<img decoding=\"async\" src=\"https:\/\/aliber.org\/web\/wp-content\/uploads\/2020\/09\/objetivo-general-e1576544846604.jpg\" title=\"\" alt=\"\" loading=\"lazy\" \/>\t\t\t\t\t\t\t\t\t\t\t\t\t\t\t<\/div>\n\t\t\t\t<\/div>\n\t\t\t\t\t<\/div>\n\t\t<\/div>\n\t\t\t\t<div class=\"elementor-column elementor-col-50 elementor-top-column elementor-element elementor-element-f34c569\" data-id=\"f34c569\" data-element_type=\"column\" data-e-type=\"column\">\n\t\t\t<div class=\"elementor-widget-wrap elementor-element-populated\">\n\t\t\t\t\t\t<div class=\"elementor-element elementor-element-3a61928 elementor-widget elementor-widget-heading\" data-id=\"3a61928\" data-element_type=\"widget\" data-e-type=\"widget\" data-widget_type=\"heading.default\">\n\t\t\t\t<div class=\"elementor-widget-container\">\n\t\t\t\t\t<h2 class=\"elementor-heading-title elementor-size-default\">\u00bfOBJETIVO?<\/h2>\t\t\t\t<\/div>\n\t\t\t\t<\/div>\n\t\t\t\t<div class=\"elementor-element elementor-element-a4c4b62 elementor-widget elementor-widget-text-editor\" data-id=\"a4c4b62\" data-element_type=\"widget\" data-e-type=\"widget\" data-widget_type=\"text-editor.default\">\n\t\t\t\t<div class=\"elementor-widget-container\">\n\t\t\t\t\t\t\t\t\t<p>La planificaci\u00f3n de acciones para atender tales necesidades depende del conocimiento que se tenga sobre su situaci\u00f3n. Es por ello, que la Alianza Iberoamericana de Enfermedades Raras, Hu\u00e9rfanas o Poco Frecuentes, con el apoyo de sus socios y de universidades de Argentina, Brasil, Espa\u00f1a, M\u00e9xico y Venezuela, ha centrado sus esfuerzos en la recolecci\u00f3n de datos que permita conocer la realidad de las personas que viven con una enfermedad rara y de sus familias en Latinoam\u00e9rica. Asimismo, la encuesta del estudio recoger\u00e1 informaci\u00f3n sobre los centros sanitarios y los profesionales que atienden las diversas patolog\u00edas con la finalidad de construir un mapa de recursos.<\/p>\t\t\t\t\t\t\t\t<\/div>\n\t\t\t\t<\/div>\n\t\t\t\t\t<\/div>\n\t\t<\/div>\n\t\t\t\t\t<\/div>\n\t\t<\/section>\n\t\t\t\t<section class=\"elementor-section elementor-top-section elementor-element elementor-element-6f79f56 elementor-section-boxed elementor-section-height-default elementor-section-height-default\" data-id=\"6f79f56\" data-element_type=\"section\" data-e-type=\"section\">\n\t\t\t\t\t\t<div class=\"elementor-container elementor-column-gap-default\">\n\t\t\t\t\t<div class=\"elementor-column elementor-col-50 elementor-top-column elementor-element elementor-element-3607e75\" data-id=\"3607e75\" data-element_type=\"column\" data-e-type=\"column\">\n\t\t\t<div class=\"elementor-widget-wrap elementor-element-populated\">\n\t\t\t\t\t\t<div class=\"elementor-element elementor-element-32d58cf elementor-widget elementor-widget-text-editor\" data-id=\"32d58cf\" data-element_type=\"widget\" data-e-type=\"widget\" data-widget_type=\"text-editor.default\">\n\t\t\t\t<div class=\"elementor-widget-container\">\n\t\t\t\t\t\t\t\t\t<p>Necesitamos de tu colaboraci\u00f3n respondiendo a la encuesta, para luego proporcionar a los planificadores y decisores de salud el informe con la informaci\u00f3n sobre cada pa\u00eds, de manera que las Pol\u00edticas, los Planes y las Estrategias que se dise\u00f1en y desarrollen para atender nuestras necesidades respondan adecuadamente a ellas.<\/p>\t\t\t\t\t\t\t\t<\/div>\n\t\t\t\t<\/div>\n\t\t\t\t\t<\/div>\n\t\t<\/div>\n\t\t\t\t<div class=\"elementor-column elementor-col-50 elementor-top-column elementor-element elementor-element-e6e7077\" data-id=\"e6e7077\" data-element_type=\"column\" data-e-type=\"column\">\n\t\t\t<div class=\"elementor-widget-wrap elementor-element-populated\">\n\t\t\t\t\t\t<div class=\"elementor-element elementor-element-0c2d59e elementor-widget elementor-widget-text-editor\" data-id=\"0c2d59e\" data-element_type=\"widget\" data-e-type=\"widget\" data-widget_type=\"text-editor.default\">\n\t\t\t\t<div class=\"elementor-widget-container\">\n\t\t\t\t\t\t\t\t\t<p>Pueden participar cualquier persona que est\u00e9 afectado una enfermedad rara, hu\u00e9rfana o poco frecuente que viva en Latinoam\u00e9rica. Es importante que, siempre que sea posible, la persona afectada por una enfermedad rara sea quien responda el cuestionario, con los apoyos necesarios de acuerdo con su grado de autonom\u00eda. En el caso excepcional de que quien responda la encuesta sea un familiar o un\/a cuidador\/a (informante), debe responder de acuerdo con los datos de la persona afectada, salvo que se especifique lo contrario.<\/p>\t\t\t\t\t\t\t\t<\/div>\n\t\t\t\t<\/div>\n\t\t\t\t\t<\/div>\n\t\t<\/div>\n\t\t\t\t\t<\/div>\n\t\t<\/section>\n\t\t\t\t<section class=\"elementor-section elementor-top-section elementor-element elementor-element-993e46d elementor-section-boxed elementor-section-height-default elementor-section-height-default\" data-id=\"993e46d\" data-element_type=\"section\" data-e-type=\"section\">\n\t\t\t\t\t\t<div class=\"elementor-container elementor-column-gap-default\">\n\t\t\t\t\t<div class=\"elementor-column elementor-col-100 elementor-top-column elementor-element elementor-element-dbe670e\" data-id=\"dbe670e\" data-element_type=\"column\" data-e-type=\"column\">\n\t\t\t<div class=\"elementor-widget-wrap elementor-element-populated\">\n\t\t\t\t\t\t<div class=\"elementor-element elementor-element-a16f72d elementor-widget elementor-widget-text-editor\" data-id=\"a16f72d\" data-element_type=\"widget\" data-e-type=\"widget\" data-widget_type=\"text-editor.default\">\n\t\t\t\t<div class=\"elementor-widget-container\">\n\t\t\t\t\t\t\t\t\tdescargue <a style=\"color: #6EC1E4;\"  target=\"_blank\" href=\"https:\/\/aliber.org\/web\/wp-content\/uploads\/2020\/07\/2020_ENSERio-Latam_Proyecto.pdf\">aqui<\/a> el proyecto en pdf\t\t\t\t\t\t\t\t<\/div>\n\t\t\t\t<\/div>\n\t\t\t\t\t<\/div>\n\t\t<\/div>\n\t\t\t\t\t<\/div>\n\t\t<\/section>\n\t\t\t\t<section class=\"elementor-section elementor-top-section elementor-element elementor-element-4390a0a1 elementor-section-boxed elementor-section-height-default elementor-section-height-default\" data-id=\"4390a0a1\" data-element_type=\"section\" data-e-type=\"section\">\n\t\t\t\t\t\t<div class=\"elementor-container elementor-column-gap-default\">\n\t\t\t\t\t<div class=\"elementor-column elementor-col-100 elementor-top-column elementor-element elementor-element-4fb85e05\" data-id=\"4fb85e05\" data-element_type=\"column\" data-e-type=\"column\">\n\t\t\t<div class=\"elementor-widget-wrap elementor-element-populated\">\n\t\t\t\t\t\t<div class=\"elementor-element elementor-element-10540faa elementor-widget elementor-widget-text-editor\" data-id=\"10540faa\" data-element_type=\"widget\" data-e-type=\"widget\" data-widget_type=\"text-editor.default\">\n\t\t\t\t<div class=\"elementor-widget-container\">\n\t\t\t\t\t\t\t\t\t<a href=\"https:\/\/aliber.org\/web\/wp-content\/uploads\/2020\/07\/2020_ENSERio-Latam_Proyecto.pdf\" class=\"pdfemb-viewer\" style=\"\" data-width=\"max\" data-height=\"max\" data-toolbar=\"bottom\" data-toolbar-fixed=\"off\">2020_ENSERio Latam_Proyecto<\/a><p>Para acceder a los formularios, pinche aqu\u00ed:<\/p><p><a href=\"http:\/\/formularios.aliber.org\/index.php\/918226?lang=es\">Espa\u00f1ol<\/a><\/p><p><a href=\"http:\/\/formularios.aliber.org\/index.php\/918226?lang=pt\">Portugu\u00e9s<\/a><\/p><p><a href=\"http:\/\/formularios.aliber.org\/index.php\/918226?lang=pt-BR\">Portugu\u00e9s (Brasile\u00f1o)<\/a><a href=\"https:\/\/aliber.org\/web\/wp-content\/uploads\/2020\/07\/2020_ENSERio_Latam_Proyecto_Ingl\u00e9s.pdf\" class=\"pdfemb-viewer\" style=\"\" data-width=\"max\" data-height=\"max\" data-toolbar=\"bottom\" data-toolbar-fixed=\"off\">2020_ENSERio_Latam_Proyecto_Ingl\u00e9s<\/a><\/p>\t\t\t\t\t\t\t\t<\/div>\n\t\t\t\t<\/div>\n\t\t\t\t\t<\/div>\n\t\t<\/div>\n\t\t\t\t\t<\/div>\n\t\t<\/section>\n\t\t\t\t<\/div>\n\t\t","protected":false},"excerpt":{"rendered":"<p>\u00bfQUE ES ENSERIO-LATAM? Las enfermedades raras, hu\u00e9rfanas o poco frecuentes son, en su gran mayor\u00eda, de origen gen\u00e9tico, cr\u00f3nicas y degenerativas; m\u00e1s de la mitad de ellas son graves y<a href=\"https:\/\/aliber.org\/web\/enserio-latam-2\/\">[&#8230;]<\/a><\/p>\n","protected":false},"author":2,"featured_media":0,"parent":0,"menu_order":0,"comment_status":"closed","ping_status":"closed","template":"","meta":{"_exactmetrics_skip_tracking":false,"_exactmetrics_sitenote_active":false,"_exactmetrics_sitenote_note":"","_exactmetrics_sitenote_category":0,"footnotes":""},"class_list":["post-5086","page","type-page","status-publish","hentry"],"_links":{"self":[{"href":"https:\/\/aliber.org\/web\/wp-json\/wp\/v2\/pages\/5086","targetHints":{"allow":["GET"]}}],"collection":[{"href":"https:\/\/aliber.org\/web\/wp-json\/wp\/v2\/pages"}],"about":[{"href":"https:\/\/aliber.org\/web\/wp-json\/wp\/v2\/types\/page"}],"author":[{"embeddable":true,"href":"https:\/\/aliber.org\/web\/wp-json\/wp\/v2\/users\/2"}],"replies":[{"embeddable":true,"href":"https:\/\/aliber.org\/web\/wp-json\/wp\/v2\/comments?post=5086"}],"version-history":[{"count":8,"href":"https:\/\/aliber.org\/web\/wp-json\/wp\/v2\/pages\/5086\/revisions"}],"predecessor-version":[{"id":6842,"href":"https:\/\/aliber.org\/web\/wp-json\/wp\/v2\/pages\/5086\/revisions\/6842"}],"wp:attachment":[{"href":"https:\/\/aliber.org\/web\/wp-json\/wp\/v2\/media?parent=5086"}],"curies":[{"name":"wp","href":"https:\/\/api.w.org\/{rel}","templated":true}]}}

<div data-elementor-type="wp-page" data-elementor-id="5086" class="elementor elementor-5086" data-elementor-post-type="page">
						<section class="elementor-section elementor-top-section elementor-element elementor-element-f0fa5f9 elementor-section-boxed elementor-section-height-default elementor-section-height-default" data-id="f0fa5f9" data-element_type="section" data-e-type="section">
						<div class="elementor-container elementor-column-gap-default">
					<div class="elementor-column elementor-col-50 elementor-top-column elementor-element elementor-element-357638e" data-id="357638e" data-element_type="column" data-e-type="column">
			<div class="elementor-widget-wrap elementor-element-populated">
						<div class="elementor-element elementor-element-19ed9e9 elementor-widget elementor-widget-heading" data-id="19ed9e9" data-element_type="widget" data-e-type="widget" data-widget_type="heading.default">
				<div class="elementor-widget-container">
					<h2 class="elementor-heading-title elementor-size-default">¿QUE ES ENSERIO-LATAM?</h2>				</div>
				</div>
				<div class="elementor-element elementor-element-5c6c85c elementor-widget elementor-widget-text-editor" data-id="5c6c85c" data-element_type="widget" data-e-type="widget" data-widget_type="text-editor.default">
				<div class="elementor-widget-container">
									<p>Las enfermedades raras, huérfanas o poco frecuentes son, en su gran mayoría, de origen genético, crónicas y degenerativas; más de la mitad de ellas son graves y altamente discapacitantes. Estas características originan una serie de necesidades socio-sanitarias en las personas afectadas y en sus familias, entre las que destacan las referidas al diagnóstico, tratamiento, el impacto percibido de la enfermedad en la persona afectada y su familia y los costes de la enfermedad.</p>								</div>
				</div>
					</div>
		</div>
				<div class="elementor-column elementor-col-50 elementor-top-column elementor-element elementor-element-6300d34" data-id="6300d34" data-element_type="column" data-e-type="column">
			<div class="elementor-widget-wrap elementor-element-populated">
						<div class="elementor-element elementor-element-e90ee32 elementor-widget elementor-widget-image" data-id="e90ee32" data-element_type="widget" data-e-type="widget" data-widget_type="image.default">
				<div class="elementor-widget-container">
															<img decoding="async" src="https://aliber.org/web/wp-content/uploads/2020/09/WhatsApp-Image-2020-09-05-at-7.05.09-PM.jpeg" title="" alt="" loading="lazy" />															</div>
				</div>
					</div>
		</div>
					</div>
		</section>
				<section class="elementor-section elementor-top-section elementor-element elementor-element-00fa1d1 elementor-section-boxed elementor-section-height-default elementor-section-height-default" data-id="00fa1d1" data-element_type="section" data-e-type="section">
						<div class="elementor-container elementor-column-gap-default">
					<div class="elementor-column elementor-col-50 elementor-top-column elementor-element elementor-element-566183e" data-id="566183e" data-element_type="column" data-e-type="column">
			<div class="elementor-widget-wrap elementor-element-populated">
						<div class="elementor-element elementor-element-88ff877 elementor-widget elementor-widget-image" data-id="88ff877" data-element_type="widget" data-e-type="widget" data-widget_type="image.default">
				<div class="elementor-widget-container">
															<img decoding="async" src="https://aliber.org/web/wp-content/uploads/2020/09/objetivo-general-e1576544846604.jpg" title="" alt="" loading="lazy" />															</div>
				</div>
					</div>
		</div>
				<div class="elementor-column elementor-col-50 elementor-top-column elementor-element elementor-element-f34c569" data-id="f34c569" data-element_type="column" data-e-type="column">
			<div class="elementor-widget-wrap elementor-element-populated">
						<div class="elementor-element elementor-element-3a61928 elementor-widget elementor-widget-heading" data-id="3a61928" data-element_type="widget" data-e-type="widget" data-widget_type="heading.default">
				<div class="elementor-widget-container">
					<h2 class="elementor-heading-title elementor-size-default">¿OBJETIVO?</h2>				</div>
				</div>
				<div class="elementor-element elementor-element-a4c4b62 elementor-widget elementor-widget-text-editor" data-id="a4c4b62" data-element_type="widget" data-e-type="widget" data-widget_type="text-editor.default">
				<div class="elementor-widget-container">
									<p>La planificación de acciones para atender tales necesidades depende del conocimiento que se tenga sobre su situación. Es por ello, que la Alianza Iberoamericana de Enfermedades Raras, Huérfanas o Poco Frecuentes, con el apoyo de sus socios y de universidades de Argentina, Brasil, España, México y Venezuela, ha centrado sus esfuerzos en la recolección de datos que permita conocer la realidad de las personas que viven con una enfermedad rara y de sus familias en Latinoamérica. Asimismo, la encuesta del estudio recogerá información sobre los centros sanitarios y los profesionales que atienden las diversas patologías con la finalidad de construir un mapa de recursos.</p>								</div>
				</div>
					</div>
		</div>
					</div>
		</section>
				<section class="elementor-section elementor-top-section elementor-element elementor-element-6f79f56 elementor-section-boxed elementor-section-height-default elementor-section-height-default" data-id="6f79f56" data-element_type="section" data-e-type="section">
						<div class="elementor-container elementor-column-gap-default">
					<div class="elementor-column elementor-col-50 elementor-top-column elementor-element elementor-element-3607e75" data-id="3607e75" data-element_type="column" data-e-type="column">
			<div class="elementor-widget-wrap elementor-element-populated">
						<div class="elementor-element elementor-element-32d58cf elementor-widget elementor-widget-text-editor" data-id="32d58cf" data-element_type="widget" data-e-type="widget" data-widget_type="text-editor.default">
				<div class="elementor-widget-container">
									<p>Necesitamos de tu colaboración respondiendo a la encuesta, para luego proporcionar a los planificadores y decisores de salud el informe con la información sobre cada país, de manera que las Políticas, los Planes y las Estrategias que se diseñen y desarrollen para atender nuestras necesidades respondan adecuadamente a ellas.</p>								</div>
				</div>
					</div>
		</div>
				<div class="elementor-column elementor-col-50 elementor-top-column elementor-element elementor-element-e6e7077" data-id="e6e7077" data-element_type="column" data-e-type="column">
			<div class="elementor-widget-wrap elementor-element-populated">
						<div class="elementor-element elementor-element-0c2d59e elementor-widget elementor-widget-text-editor" data-id="0c2d59e" data-element_type="widget" data-e-type="widget" data-widget_type="text-editor.default">
				<div class="elementor-widget-container">
									<p>Pueden participar cualquier persona que esté afectado una enfermedad rara, huérfana o poco frecuente que viva en Latinoamérica. Es importante que, siempre que sea posible, la persona afectada por una enfermedad rara sea quien responda el cuestionario, con los apoyos necesarios de acuerdo con su grado de autonomía. En el caso excepcional de que quien responda la encuesta sea un familiar o un/a cuidador/a (informante), debe responder de acuerdo con los datos de la persona afectada, salvo que se especifique lo contrario.</p>								</div>
				</div>
					</div>
		</div>
					</div>
		</section>
				<section class="elementor-section elementor-top-section elementor-element elementor-element-993e46d elementor-section-boxed elementor-section-height-default elementor-section-height-default" data-id="993e46d" data-element_type="section" data-e-type="section">
						<div class="elementor-container elementor-column-gap-default">
					<div class="elementor-column elementor-col-100 elementor-top-column elementor-element elementor-element-dbe670e" data-id="dbe670e" data-element_type="column" data-e-type="column">
			<div class="elementor-widget-wrap elementor-element-populated">
						<div class="elementor-element elementor-element-a16f72d elementor-widget elementor-widget-text-editor" data-id="a16f72d" data-element_type="widget" data-e-type="widget" data-widget_type="text-editor.default">
				<div class="elementor-widget-container">
									descargue <a style="color: #6EC1E4;"  target="_blank" href="https://aliber.org/web/wp-content/uploads/2020/07/2020_ENSERio-Latam_Proyecto.pdf">aqui</a> el proyecto en pdf								</div>
				</div>
					</div>
		</div>
					</div>
		</section>
				<section class="elementor-section elementor-top-section elementor-element elementor-element-4390a0a1 elementor-section-boxed elementor-section-height-default elementor-section-height-default" data-id="4390a0a1" data-element_type="section" data-e-type="section">
						<div class="elementor-container elementor-column-gap-default">
					<div class="elementor-column elementor-col-100 elementor-top-column elementor-element elementor-element-4fb85e05" data-id="4fb85e05" data-element_type="column" data-e-type="column">
			<div class="elementor-widget-wrap elementor-element-populated">
						<div class="elementor-element elementor-element-10540faa elementor-widget elementor-widget-text-editor" data-id="10540faa" data-element_type="widget" data-e-type="widget" data-widget_type="text-editor.default">
				<div class="elementor-widget-container">
									<a href="https://aliber.org/web/wp-content/uploads/2020/07/2020_ENSERio-Latam_Proyecto.pdf" class="pdfemb-viewer" style="" data-width="max" data-height="max" data-toolbar="bottom" data-toolbar-fixed="off">2020_ENSERio Latam_Proyecto</a><p>Para acceder a los formularios, pinche aquí:</p><p><a href="http://formularios.aliber.org/index.php/918226?lang=es">Español</a></p><p><a href="http://formularios.aliber.org/index.php/918226?lang=pt">Portugués</a></p><p><a href="http://formularios.aliber.org/index.php/918226?lang=pt-BR">Portugués (Brasileño)</a><a href="https://aliber.org/web/wp-content/uploads/2020/07/2020_ENSERio_Latam_Proyecto_Inglés.pdf" class="pdfemb-viewer" style="" data-width="max" data-height="max" data-toolbar="bottom" data-toolbar-fixed="off">2020_ENSERio_Latam_Proyecto_Inglés</a></p>								</div>
				</div>
					</div>
		</div>
					</div>
		</section>
				</div>

<p>¿QUE ES ENSERIO-LATAM? Las enfermedades raras, huérfanas o poco frecuentes son, en su gran mayoría, de origen genético, crónicas y degenerativas; más de la mitad de ellas son graves y<a href="https://aliber.org/web/enserio-latam-2/">[&#8230;]</a></p>
